4181 a composite number?
False
Is 78765605 a composite number?
True
Is 6862103 a composite number?
False
Is 16231601 composite?
False
Is 28285339 prime?
False
Is 3466891 a composite number?
False
Is 59274731 composite?
False
Is 175592789 composite?
True
Is 3290818 a prime number?
False
Is 844807 composite?
True
Is 143770213 a prime number?
False
Is 117191 a prime number?
True
Is 8944891 a composite number?
True
Is 26548097 a prime number?
True
Is 3710501 a prime number?
True
Is 11197957 a composite number?
False
Is 634897 a prime number?
False
Is 660109 a composite number?
True
Is 38784649 composite?
False
Is 6115801 prime?
False
Is 121229 composite?
False
Is 2651867 a prime number?
True
Is 21509077 a composite number?
True
Is 452509835 a prime number?
False
Is 23428473 prime?
False
Is 28843783 prime?
True
Is 1719331 composite?
True
Is 128438029 a composite number?
False
Is 15412697 a composite number?
False
Is 4484089 a composite number?
False
Is 1503617 a composite number?
True
Is 211144457 prime?
True
Is 2467551 a composite number?
True
Is 80479621 a composite number?
False
Is 36999107 prime?
True
Is 24455663 a prime number?
False
Is 364123921 a composite number?
True
Is 50912711 a prime number?
True
Is 69596407 composite?
False
Is 63300361 a composite number?
True
Is 29950241 a composite number?
False
Is 2499199 prime?
False
Is 8123299 prime?
False
Is 33614267 prime?
True
Is 67872019 a composite number?
True
Is 405034835 composite?
True
Is 139369969 prime?
False
Is 1164041 composite?
True
Is 12645419 a prime number?
True
Is 702613693 a composite number?
False
Is 7009963 composite?
True
Is 42713987 a composite number?
True
Is 24515027 composite?
False
Is 22238101 prime?
False
Is 294130769 a composite number?
False
Is 111201907 a composite number?
False
Is 4449017 composite?
False
Is 3787841 a composite number?
True
Is 43032007 prime?
True
Is 208348951 a composite number?
False
Is 20071955 a composite number?
True
Is 1058093 prime?
True
Is 1634333 a composite number?
False
Is 9638113 prime?
True
Is 1097479 a composite number?
True
Is 5997181 a prime number?
False
Is 45942139 a composite number?
False
Is 20285861 a composite number?
True
Is 1592582 prime?
False
Is 7856713 a composite number?
False
Is 111504331 composite?
True
Is 88949386 a prime number?
False
Is 6790753 composite?
False
Is 3328459 composite?
False
Is 63535121 a prime number?
False
Is 27386557 a prime number?
False
Is 1609969 composite?
False
Is 2192207 composite?
False
Is 27761057 a prime number?
False
Is 576881 a prime number?
True
Is 13920311 prime?
False
Is 53861881 prime?
True
Is 78532897 a prime number?
False
Is 394657 prime?
False
Is 5048051 a prime number?
False
Is 12220031 a composite number?
False
Is 5805053 prime?
True
Is 19302511 prime?
False
Is 410429 composite?
True
Is 210504109 a prime number?
True
Is 1286431 a prime number?
False
Is 45944146 prime?
False
Is 16164023 a prime number?
True
Is 39779 a prime number?
True
Is 1777403 composite?
False
Is 76403 prime?
True
Is 2761091 prime?
True
Is 8162859 a prime number?
False
Is 5143211 prime?
False
Is 407119 composite?
False
Is 184238 composite?
True
Is 634693 prime?
False
Is 5765779 a composite number?
False
Is 835523713 a composite number?
False
Is 767071771 prime?
True
Is 1526467 composite?
False
Is 58763189 composite?
False
Is 112428323 composite?
True
Is 112732943 a composite number?
False
Is 1946569 a prime number?
False
Is 306102829 a prime number?
False
Is 15360467 a prime number?
False
Is 79379 a prime number?
True
Is 4742557 a prime number?
True
Is 6783521 a composite number?
False
Is 4315 a composite number?
True
Is 35995933 composite?
False
Is 494200789 prime?
True
Is 32154491 composite?
False
Is 196365934 prime?
False
Is 370919 composite?
False
Is 20901389 prime?
True
Is 748789 a composite number?
False
Is 357347 a composite number?
False
Is 5280307 composite?
True
Is 4653533 a composite number?
False
Is 199891747 a composite number?
True
Is 6032119 prime?
False
Is 39719579 a composite number?
True
Is 4143533 composite?
True
Is 1104427 prime?
True
Is 8274881 a composite number?
False
Is 30778159 prime?
True
Is 99799703 prime?
True
Is 356385317 prime?
False
Is 428357 a prime number?
False
Is 53084615 prime?
False
Is 66754826 a prime number?
False
Is 14255123 prime?
True
Is 36779 a composite number?
False
Is 3180295 a prime number?
False
Is 38900791 a composite number?
False
Is 436249 prime?
False
Is 185823223 composite?
False
Is 61253273 a prime number?
True
Is 229003 prime?
True
Is 68569211 a prime number?
False
Is 22167113 a composite number?
False
Is 91245247 a prime number?
False
Is 159947 composite?
True
Is 1905185 composite?
True
Is 434891657 prime?
False
Is 13633747 a prime number?
True
Is 441532769 a composite number?
False
Is 256945697 a prime number?
True
Is 2438833 a prime number?
True
Is 273601729 composite?
True
Is 23097317 prime?
True
Is 15709541 a composite number?
False
Is 26959633 a composite number?
False
Is 139806071 composite?
True
Is 1214179 a prime number?
False
Is 1084829 a prime number?
True
Is 170833249 prime?
True
Is 34408273 composite?
True
Is 18983891 composite?
False
Is 185139829 composite?
True
Is 572032457 prime?
True
Is 7083941 a composite number?
True
Is 196444663 composite?
True
Is 142650341 composite?
False
Is 235202411 prime?
True
Is 45043067 prime?
True
Is 4553305 prime?
False
Is 1851281 composite?
True
Is 492645029 prime?
True
Is 8113037 a prime number?
True
Is 131628601 composite?
True
Is 4066501 prime?
False
Is 56478629 a composite number?
False
Is 577960367 a prime number?
True
Is 776003 prime?
True
Is 80136239 a prime number?
False
Is 3229819 composite?
False
Is 5782277 a composite number?
False
Is 101782511 prime?
True
Is 7968479 composite?
False
Is 43101389 prime?
True
Is 4561129 a composite number?
False
Is 691871 a prime number?
True
Is 7521869 composite?
False
Is 10233997 a composite number?
True
Is 265009 composite?
True
Is 189977457 prime?
False
Is 3933389 prime?
False
Is 2743016305 prime?
False
Is 40849901 a prime number?
False
Is 76302659 composite?
True
Is 13885253 a prime number?
True
Is 305961 prime?
False
Is 66574 a prime number?
False
Is 8740423 composite?
True
Is 10053499 a composite number?
False
Is 144788627 a prime number?
True
Is 7904263 a composite number?
False
Is 1718657 a composite number?
True
Is 595873 composite?
False
Is 881533 composite?
False
Is 29947 prime?
True
Is 1149653 prime?
False
Is 225569 a composite number?
False
Is 7005626 prime?
False
Is 48826795 composite?
True
Is 10804349 prime?
True
Is 8884427 a prime number?
True
Is 76487651 a composite number?
True
Is 14254574 prime?
False
Is 29243069 a composite number?
False
Is 2145313 composite?
True
Is 1649069 prime?
False
Is 531946037 composite?
True
Is 847983 composite?
True
Is 25046243 a prime number?
False
Is 45003269 composite?
False
Is 8263147 a composite number?
False
Is 462743 prime?
False
Is 74236649 prime?
True
Is 68144521 composite?
False
Is 172990049 composite?
False
Is 54218347 a composite number?
False
Is 20512139 prime?
True
Is 31739179 prime?
True
Is 216211 prime?
True
Is 21954773 a composite number?
True
Is 557404863 composite?
True
Is 1788627 composite?
True
Is 204205769 a prime number?
True
Is 78559379 a prime number?
True
Is 4104949 a prime number?
False
Is 12522841 prime?
True
Is 10313629 prime?
False
Is 8664233 a composite number?
True
Is 171177689 composite?
False
Is 1157346415 a prime number?
False
Is 3777647 a composite number?
True
Is 1385693 composite?
False
Is 35949049 composite?
True
Is 3285589 a composite number?
True
Is 24766103 a composite number?
True
Is 1350179 a composite number?
True
Is 9564391 prime?
False
Is 67220981 prime?
True
Is 3341761 a prime number?
True
Is 33562463 composite?
True
Is 39552911 a composite number?
False
Is 67643839 a composite number?
False
Is 112103519 prime?
False
Is 122831 composite?
True
Is 516599 a composite number?
False
Is 47947789 prime?
True
Is 39367579 a composite number?
True
Is 11199947 prime?
False
Is 2146723 a prime number?
True
Is 171987 a prime number?
False
Is 11413793 a prime number?
False
Is 178943 composite?
True
Is 1173353 a prime number?
False
Is 13839463 composite?
True
Is 18834694 a composite num